 10 - 11) + 6 + 13
18
What is (1 - -9) + (-17 - 1 - -7)?
-1
Calculate (5 - 2 - (205 + -188)) + -9.
-23
What is the value of -1 + 16 - (-10 + (-14 - -23) + 8)?
8
What is the value of 3 - (6 + (4 - (21 - (12 + -6))))?
8
Evaluate 10 + -6 + -3 - (-19 - -10 - -20).
-10
Evaluate 1 - -3 - (-17 + (28 - 2)).
-5
Calculate -2 - (-7 + (16 - 9)).
-2
What is 11 + (0 - 10) + 2 - -14?
17
-2 + 27 - (-91 - -106)
10
What is the value of (1 - -36) + (1079 - 1094)?
22
What is 8 + -8 + (-7 + 25 - 7 - -1)?
12
What is 11 - (-9 + 26) - 23?
-29
Evaluate -15 - ((7 - (4 + -4 + 1)) + -6).
-15
Calculate 1 + (-15 - -3) - (18 - 27).
-2
Evaluate (18 - (-14 + -10)) + -17.
25
What is the value of 18 + ((-7 - -5) + -2 - 0)?
14
Evaluate 3 + -28 + (22 - 11).
-14
Evaluate 26 - 36 - (1 - 5) - -6.
0
Evaluate -36 + -2 - -10 - (-6 - -4).
-26
What is (12 - (27 - 9)) + -1 + -13?
-20
Calculate (-168 - -154) + (3 + -1 - 0).
-12
Evaluate (-18 - 3 - ((-8 - 4) + 12)) + 9.
-12
What is 5 - 0 - (43 - 35) - (0 - 2)?
-1
What is 13 - (25 + 19) - -14?
-17
Evaluate 19 - (-24 + 32 + 2).
9
Calculate 9 - (2 - (-7 - -3)).
3
What is the value of -6 - ((-8 - 3) + 13 + 0 + -4)?
-4
What is the value of -12 + (12 - 12) + (-1 - -9) + 11?
7
Evaluate 5 - (-5 - (-19 + 8)) - -1.
0
Calculate 10 - (-6 + (36 - 34)).
14
What is the value of 3 - (31 - (-36 + 47) - (0 + -8))?
-25
Evaluate (0 + 9 + -6 - 9) + 10.
4
What is the value of (3 - 0) + (28 - 16) + -41 - -8?
-18
What is the value of -2 + 3 + (-22 - -27 - -36)?
42
What is (22 - 22) + 24 + -34?
-10
Calculate (37 - 52) + 9 + -26.
-32
Calculate -26 + (-44 - -73) - (28 - 2).
-23
Evaluate 13 - ((18 - 19) + 13) - (0 + -8).
9
What is 9 - (-5 + (13 - -9)) - -16 - 2?
6
What is -7 - (-9 - (8 + -11)) - (3 + -15)?
11
What is the value of -75 + 22 + -14 - -44?
-23
(4 - (-2 - -6)) + 19 + -12 + 6
13
What is (-186 - -184 - (1 + 12)) + -3?
-18
What is 0 - (-14 + 1 + 0) - 6?
7
Calculate 14 + -5 + 3 + -8 + 6.
10
Calculate 4 + (1 - -1) - -1 - (-3 + 1).
9
Calculate 36 + 37 + -62 + 0 + 17.
28
What is the value of (1 - (5 - 4) - (-23 - -8)) + 0?
15
Calculate -7 + (17 - 14) - (1 - 0).
-5
Evaluate 9 + -13 + (2 - 13).
-15
What is the value of -12 - -6 - 19 - (10 + -7)?
-28
Calculate (-4 + -1 + -2 - 1) + 10.
2
16 - (34 + -21 + (3 - 9))
9
-4 - (-24 + (-5 - -11) + -9)
23
Evaluate -44 - -39 - (2 + -2).
-5
Calculate 10 + (-4 - -20) + 2 + -12 - -5.
21
What is -14 + -1 + -2 + 2 + 118 + -118?
-15
What is the value of (-199 - -198) + (40 - 0) - 14?
25
Evaluate (25 + -31 - -20) + (2 + 0 - 2).
14
-4 - (-43 + 54 + (-7 - 0))
-8
What is 78 - 85 - (-53 - -18 - (-1 - 1))?
26
Evaluate (-7 - 18) + 11 + -7 + 14.
-7
(14 - 6) + (3 - 10) - (5 + 0)
-4
What is the value of 189 - 172 - (-5 - -38)?
-16
Calculate 9 - ((-8 - -2) + (64 - 56)).
7
What is the value of -21 + 43 + -6 + 0?
16
Calculate 5 - (1 + -2) - (-33 - (-21 - 15)).
3
Calculate 5 - 7 - (1 + 0 + -6 + 1).
2
Evaluate -4 + 2 - 6 - ((16 - 18) + -3).
-3
Evaluate (7 - 19 - -9) + -3.
-6
13 + 2 + 3 + -9
9
Calculate (-80 + 38 - -44) + 30.
32
What is the value of -5 - (12 + (-9 - -10) + -1)?
-17
Calculate 7 + 2 + -41 + (14 - 0).
-18
(-30 + 50 - 15) + 38 + -6
37
What is the value of -1 + 0 - (10 - (0 - (-3 + -4)))?
-4
Evaluate (-3 + -5 - -7 - -1 - 2) + -15.
-17
Evaluate (1 - -4) + (38 - (32 + -7 - 4)).
22
What is (-5 - (-13 - -8)) + 7?
7
What is 1 - -7 - (5 + (-16 - -8) + 5)?
6
(0 - -3) + -38 + 46 - (2 - 1)
10
Calculate (5 - -2) + 1 - (43 - 22).
-13
What is ((18 - 19) + -3 - 9) + 22?
9
-13 + -21 + -15 - -33
-16
Evaluate -32 - (-22 - (-30 + 55)).
15
Calculate -9 - (-75 + 85 - (0 + 7)).
-12
0 - (5 - -10 - 13)
-2
What is -12 + 0 + -14 + 12 - 17?
-31
Calculate (-24 - (-20 - -43)) + 35.
-12
What is 3 - (-2 + -5 + 11 + -5 - 4)?
8
Evaluate (-1 - (6 - 0)) + -10 + 1.
-16
What is the value of 4 + -1 - (-21 + 26 + -8)?
6
Evaluate 10 - (62 + -32) - -30.
10
What is 4 + (2 - 2) + 5 + -5 + 1?
5
(-3 - 1) + (10 - 20) + -109 + 103
-20
Evaluate 133 - 125 - (5 - -1).
2
What is the value of 26 + 45 - 38 - (-1 + 10)?
24
Calculate (-7 - (11 + -9)) + (-2 + 6 - 11).
-16
Evaluate 5 + 2 + (-1 - -24) + (33 - 45).
18
Calculate (7 - -9 - 7) + -8.
1
Evaluate (7 - (53 - 53)) + (1 - (0 - -1)).
7
(-1 - (0 - -19)) + 14
-6
(-2 - (-23 + 16)) + -9
-4
Calculate 4 + (-19 + 16 + (-1 - 0) - 2).
-2
What is -16 + (4 - -12) + -6?
-6
Evaluate -88 + 73 + (-5 - -20).
0
Evaluate (0 - -1 - -4) + 45 + -60.
-10
Evaluate (-3 - 7) + (-5 - -8) + (-6 - -13).
0
Calculate -6 + -1 + (69 - 28).
34
Calculate (12 - 18) + -2 + (19 - (-6 + 5)).
12
Evaluate 3 + -61 - (332 + -353).
-37
What is the value of 30 - (-17 + 18 - -22)?
7
Evaluate -33 + (-26 - -16) + 14.
-29
Calculate 18 + -29 - (0 + (6 + 2 - 7)).
-12
Calculate 2 + 1 + -4 + (12 - (7 + -6)).
10
Calculate -9 + 0 - (-15 + (44 - 32)).
-6
What is the value of (22 + -1 - 22 - -10) + -25 + 0?
-16
15 - 7 - (14 - 16)
10
What is the value of (-51 - (-71 + 34)) + (19 - 2)?
3
-1 - ((2 - 9) + 3 + (14 - 17))
6
What is the value of -6 + 1 + -3 + -1 - (41 - 71)?
21
What is the value of -2 - 2 - ((-2 - -1) + 4 + 1)?
-8
What is -4 - 28 - (-65 + 40)?
-7
Evaluate 12 - ((-4 - -32) + -20).
4
What is -3 - ((2 - -11) + -9 + 3)?
-10
(-16 - -17) + -13 + 25 - -1
14
Calculate (-16 - (-10 + -8)) + -4 + -11.
-13
What is (-12 - (23 + -45)) + -15?
-5
What is the value of -31 + 30 - (3 - (-3 + -2 + 26))?
17
Evaluate 7 + -12 + 2 + 9 + -3 + -4.
-1
What is -9 - (13 + -11 + -16)?
5
-11 - (-8 - -1) - (-1 + -1)
-2
Evaluate (0 - 1) + (-1 + -2 - (-97 - -76)).
17
-25 + 25 + (-4 - -6)
2
What is the value of 14 + 3 + (-32 - -28)?
13
Calculate -9 + 10 - 6 - 2.
-7
Calculate -9 + 2 + (-20 + 2 - (53 - 57)).
-21
-2 + -1 + (13 - 17 - -7) + 6
6
Evaluate 16 - (11 + 10 + -25) - 16.
4
89 + (-22 - 13) - 29
25
What is the value of -5 + 9 + -9 + 5 + -1 + -7?
-8
Evaluate (-7 - -18 - (-2 - -8)) + 0 - -7.
12
(5 + (-3 - (-6 - -5)) - -10) + -2
11
-1 - (-5 + 2 + 5 + (-7 - 0))
4
What is 39 + -26 - (-2 + -8 + 26)?
-3
What is 2 + 0 + -289 + 270?
-17
What is the value of 14 - (-22 - (-9 + (19 - 8)))?
38
(16 - (-32 - -36)) + -20
-8
Evaluate -56 + 8 + 18 + -1.
-31
Evaluate 250 + -262 - ((2 - 4) + 0) - 6.
-16
What is the value of -10 - (-7 + -3 - -14 - 10)?
-4
(10 - 6 - 3) + 4 + 4 + -1
8
Evaluate (-1 - 9) + -149 + 146.
-13
Calculate 3 + -11 + 18 + -9.
1
29 + 7 + -40 - (1 + 9)
-14
What is (-19 - (6 + -2)) + (-13 - -17) - 5?
-24
Evaluate -9 + (-15 - (-9 + 5)) + 8.
-12
What is -14 + 20 + (-1 - (-4 - -24))?
-15
What is the value of (5 - (-1 - -6)) + (-24 - -14)?
-10
What is -65 + 98 + 2 + -27?
8
Calculate 2 - (-1 + 6) - 13 - -3.
-13
Evaluate (-774 - -750) + (1 - -13).
-10
Calculate -2 + (11 + -8 - (3 - 5)) - -12.
15
What is -45 + 38 + -2 - (-1 - 10)?
2
What is 3 - 31 - (-8 + (6 - 10) - -6)?
-22
Evaluate -11 - (-3 - -13) - -12.
-9
Calculate -2 + -9 + (-43 - -19) + 29.
-6
What is (8 + 1 - -1) + -16 + 0 + -6?
-12
Evaluate 48 + -5 + -18 + -39.
-14
What is -3 + -1 - (-27 + 1 + 25)?
-3
Calculate 19 - ((-26 - -32) + 8).
5
-19 + 10 + -1 + -3 + 6
-7
(37 + -45 + 0 + 25 - -9) + -10
16
Calculate (88 - 96) + (14 - -1).
7
What is (5 + -4 - (-9 + 3 - 1)) + 9?
17
What is -16 + 3 + -7 + 67 + -8?
39
Evaluate (-27 - -37) + -20 + 8 + -1 + 1.
-2
Calculate (2 - -12) + (20 - 49).
-15
What is (2 - (-3 - (-20 - -7))) + 15?
7
(-2 - 7) + 0 - -1
-8
What is 15 - 11 - 5 - (-17 - -1)?
15
Calculate -6 - (7 + -18 + -1).
6
-4 + (-16 - 30 - -51)
1
What is 1 - -6 - (-16 - -17) - -4 - 2?
8
What is the value of -6 + (34 - 1) + -2?
25
-1 - (1 - 1 - 5 - (-322 + 320))
2
What is the value of (-2 - -11) + 1 + (1 - 3)?
8
What is the value of -3 + 2 + -12 + -35 + 36?
-12
Calculate (6 - 0) + (2 + -16 - -5).
-3
Calculate 2 + 12 + -9 - 8.
-3
62 - 65 - -27 - (5 + 1)
18
2 - -9 - (164 + -166)
13
What is -12 + (5 - ((-19 - -5) + 4))?
3
Calculate (7 + 1 - (1 + 10 + -14)) + 4.
15
Evaluate -126 - -137 - (-3 - -14).
0
Evaluate -17 + (1 - 13 - (-11 - (-3 + 1))).
-20
What is the value of (-2 - 1) + (8 - -3) + -16?
-8
Evaluate -33 + 0 + (3 - -13).
-17
What is 2 + 0 + (19 - (-26 + 80))?
-33
Calculate 0 - -2 - (68 - 58).
-8
10 + -19 - (-4 - (10 + -7))
-2
Evaluate -1 + -20 - (12 + -21).
-12
4 - (-28 + 1 + 21)
10
What is 7 + 13 + -1 + -18 + 7 + 9?
17
Calculate (-32 - -53) + 20 + -6.
35
Calculate 5 + -5 + -10 + 4 - -10.
4
8 + -2 - 8 - (-7 - (9 - 0))
14
Calculate 1 - (-6 + 2 + -5) - -7 - -5.
22
Calcul